{"id":43,"date":"2025-09-05T16:03:16","date_gmt":"2025-09-05T14:03:16","guid":{"rendered":"https:\/\/www.larosedecamille.fr\/?page_id=43"},"modified":"2026-02-24T15:32:36","modified_gmt":"2026-02-24T14:32:36","slug":"accueil","status":"publish","type":"page","link":"https:\/\/www.larosedecamille.fr\/","title":{"rendered":"Accueil"},"content":{"rendered":"\t\t<div data-elementor-type=\"wp-page\" data-elementor-id=\"43\" class=\"elementor elementor-43\" data-elementor-post-type=\"page\">\n\t\t\t\t<div class=\"elementor-element elementor-element-bec8694 e-con-full e-flex wpr-particle-no wpr-jarallax-no wpr-parallax-no wpr-sticky-section-no wpr-equal-height-no e-con e-parent\" data-id=\"bec8694\" data-element_type=\"container\" data-e-type=\"container\" data-settings=\"{&quot;background_background&quot;:&quot;classic&quot;}\">\n\t\t\t\t<div class=\"elementor-element elementor-element-275015c elementor-widget elementor-widget-heading\" data-id=\"275015c\" data-element_type=\"widget\" data-e-type=\"widget\" data-widget_type=\"heading.default\">\n\t\t\t\t\t<h2 class=\"elementor-heading-title elementor-size-default\">Quelles seront les couleurs de votre bonheur ?<\/h2>\t\t\t\t<\/div>\n\t\t\t\t<div class=\"elementor-element elementor-element-9985711 elementor-widget elementor-widget-image-carousel\" data-id=\"9985711\" data-element_type=\"widget\" data-e-type=\"widget\" data-settings=\"{&quot;slides_to_show&quot;:&quot;1&quot;,&quot;navigation&quot;:&quot;none&quot;,&quot;effect&quot;:&quot;fade&quot;,&quot;speed&quot;:2000,&quot;autoplay&quot;:&quot;yes&quot;,&quot;pause_on_hover&quot;:&quot;yes&quot;,&quot;pause_on_interaction&quot;:&quot;yes&quot;,&quot;autoplay_speed&quot;:5000,&quot;infinite&quot;:&quot;yes&quot;}\" data-widget_type=\"image-carousel.default\">\n\t\t\t\t\t\t\t<div class=\"elementor-image-carousel-wrapper swiper\" role=\"region\" aria-roledescription=\"carousel\" aria-label=\"Carrousel d\u2019images\" dir=\"ltr\">\n\t\t\t<div class=\"elementor-image-carousel swiper-wrapper\" aria-live=\"off\">\n\t\t\t\t\t\t\t\t<div class=\"swiper-slide\" role=\"group\" aria-roledescription=\"slide\" aria-label=\"1 sur 5\"><figure class=\"swiper-slide-inner\"><img decoding=\"async\" class=\"swiper-slide-image\" src=\"https:\/\/www.larosedecamille.fr\/wp-content\/uploads\/2025\/11\/1-alliances.jpg\" alt=\"1---alliances\" \/><\/figure><\/div><div class=\"swiper-slide\" role=\"group\" aria-roledescription=\"slide\" aria-label=\"2 sur 5\"><figure class=\"swiper-slide-inner\"><img decoding=\"async\" class=\"swiper-slide-image\" src=\"https:\/\/www.larosedecamille.fr\/wp-content\/uploads\/2025\/11\/2-menu.jpg\" alt=\"2---menu\" \/><\/figure><\/div><div class=\"swiper-slide\" role=\"group\" aria-roledescription=\"slide\" aria-label=\"3 sur 5\"><figure class=\"swiper-slide-inner\"><img decoding=\"async\" class=\"swiper-slide-image\" src=\"https:\/\/www.larosedecamille.fr\/wp-content\/uploads\/2025\/11\/3-table_anniversaire.jpg\" alt=\"3---table_anniversaire\" \/><\/figure><\/div><div class=\"swiper-slide\" role=\"group\" aria-roledescription=\"slide\" aria-label=\"4 sur 5\"><figure class=\"swiper-slide-inner\"><img decoding=\"async\" class=\"swiper-slide-image\" src=\"https:\/\/www.larosedecamille.fr\/wp-content\/uploads\/2025\/11\/4-noel.jpg\" alt=\"4---noel\" \/><\/figure><\/div><div class=\"swiper-slide\" role=\"group\" aria-roledescription=\"slide\" aria-label=\"5 sur 5\"><figure class=\"swiper-slide-inner\"><img decoding=\"async\" class=\"swiper-slide-image\" src=\"https:\/\/www.larosedecamille.fr\/wp-content\/uploads\/2025\/11\/5-tablemariage.jpg\" alt=\"5---tablemariage\" \/><\/figure><\/div>\t\t\t<\/div>\n\t\t\t\t\t\t\t\n\t\t\t\t\t\t\t\t\t<\/div>\n\t\t\t\t\t\t<\/div>\n\t\t\t\t<\/div>\n\t\t<div class=\"elementor-element elementor-element-e2f60a2 e-flex e-con-boxed wpr-particle-no wpr-jarallax-no wpr-parallax-no wpr-sticky-section-no wpr-equal-height-no e-con e-parent\" data-id=\"e2f60a2\" data-element_type=\"container\" data-e-type=\"container\" data-settings=\"{&quot;background_background&quot;:&quot;classic&quot;}\">\n\t\t\t\t\t<div class=\"e-con-inner\">\n\t\t\t\t<div class=\"elementor-element elementor-element-e2b0bf0 elementor-widget elementor-widget-text-editor\" data-id=\"e2b0bf0\" data-element_type=\"widget\" data-e-type=\"widget\" data-widget_type=\"text-editor.default\">\n\t\t\t\t\t\t\t\t\t<p><span style=\"color: #808080;\">Bienvenue dans l\u2019univers de <strong>La Rose de Camille<\/strong>, agence sp\u00e9cialis\u00e9e en d\u00e9coration \u00e9v\u00e8nementielle qui vous accompagne dans la d\u00e9coration de tous vos moments d\u2019amour et de bonheur que vous souhaiterez lui confier.<\/span><\/p><p><span style=\"color: #808080;\">Je suis Anne-Sophie, <strong>wedding designer<\/strong>* et <strong>d\u00e9coratrice \u00e9v\u00e9nementielle certifi\u00e9e<\/strong>, en Normandie, je vous guide avec bienveillance, douceur et cr\u00e9ativit\u00e9 pour r\u00e9aliser la d\u00e9coration qui vous ressemble, afin de faire de tous vos \u00e9v\u00e9nements festifs des moments uniques et inoubliables.<\/span><\/p><p><span style=\"color: #808080;\"><strong>La Rose de Camille<\/strong>, c\u2019est aussi de la location de d\u00e9coration, personnalisable, et des conseils sur sa mise en place, afin de vous permettre de d\u00e9corer vous-m\u00eame vos \u00e9v\u00e8nements.<\/span><\/p><p><span style=\"color: #808080;\">Bas\u00e9e \u00e0 Alen\u00e7on, dans l\u2019Orne (61), l\u2019agence <strong>La Rose de Camille<\/strong> intervient sur toute la Basse-Normandie, et d\u00e9partements limitrophes.<\/span><\/p><p><span style=\"color: #808080;\">Vous avez une id\u00e9e folle ? Une ambiance en t\u00eate sans savoir comment la concr\u00e9tiser ?<\/span><\/p>\t\t\t\t\t\t\t\t<\/div>\n\t\t\t\t<div class=\"elementor-element elementor-element-ee2c5ca elementor-widget elementor-widget-text-editor\" data-id=\"ee2c5ca\" data-element_type=\"widget\" data-e-type=\"widget\" data-widget_type=\"text-editor.default\">\n\t\t\t\t\t\t\t\t\t<p>Lorem ipsum dolor sit amet, consectetur adipiscing elit. Ut elit tellus, luctus nec ullamcorper mattis, pulvinar dapibus leo.<\/p>\t\t\t\t\t\t\t\t<\/div>\n\t\t\t\t\t<\/div>\n\t\t\t\t<\/div>\n\t\t<div class=\"elementor-element elementor-element-0ea0041 e-flex e-con-boxed wpr-particle-no wpr-jarallax-no wpr-parallax-no wpr-sticky-section-no wpr-equal-height-no e-con e-parent\" data-id=\"0ea0041\" data-element_type=\"container\" data-e-type=\"container\">\n\t\t\t\t\t<div class=\"e-con-inner\">\n\t\t\t\t<div class=\"elementor-element elementor-element-c80d656 elementor-widget elementor-widget-heading\" data-id=\"c80d656\" data-element_type=\"widget\" data-e-type=\"widget\" data-widget_type=\"heading.default\">\n\t\t\t\t\t<h2 class=\"elementor-heading-title elementor-size-default\">Parlons-en : c\u2019est l\u00e0 que la magie commence \u2728<\/h2>\t\t\t\t<\/div>\n\t\t\t\t<div class=\"elementor-element elementor-element-ccdff04 elementor-widget elementor-widget-heading\" data-id=\"ccdff04\" data-element_type=\"widget\" data-e-type=\"widget\" data-widget_type=\"heading.default\">\n\t\t\t\t\t<p class=\"elementor-heading-title elementor-size-default\">* Wedding Designer = D\u00e9corateur de Mariage<\/p>\t\t\t\t<\/div>\n\t\t\t\t\t<\/div>\n\t\t\t\t<\/div>\n\t\t\t\t<\/div>\n\t\t","protected":false},"excerpt":{"rendered":"<p>Quelles seront les couleurs de votre bonheur ? Bienvenue dans l\u2019univers de La Rose de Camille, agence sp\u00e9cialis\u00e9e en d\u00e9coration \u00e9v\u00e8nementielle qui vous accompagne dans la d\u00e9coration de tous vos moments d\u2019amour et de bonheur que vous souhaiterez lui confier. Je suis Anne-Sophie, wedding designer* et d\u00e9coratrice \u00e9v\u00e9nementielle certifi\u00e9e, en Normandie, je vous guide avec bienveillance, douceur et cr\u00e9ativit\u00e9 pour r\u00e9aliser la d\u00e9coration qui vous ressemble, afin de faire de tous vos \u00e9v\u00e9nements festifs des moments uniques et inoubliables. La Rose de Camille, c\u2019est aussi de la location de d\u00e9coration, personnalisable, et des conseils sur sa mise en place, afin de vous permettre de d\u00e9corer vous-m\u00eame vos \u00e9v\u00e8nements. Bas\u00e9e \u00e0 Alen\u00e7on, dans l\u2019Orne (61), l\u2019agence La Rose de Camille intervient sur toute la Basse-Normandie, et d\u00e9partements limitrophes. Vous avez une id\u00e9e folle ? Une ambiance en t\u00eate sans savoir comment la concr\u00e9tiser ? Lorem ipsum dolor sit amet, consectetur adipiscing elit. Ut elit tellus, luctus nec ullamcorper mattis, pulvinar dapibus leo. Parlons-en : c\u2019est l\u00e0 que la magie commence \u2728 * Wedding Designer = D\u00e9corateur de Mariage<\/p>\n","protected":false},"author":1,"featured_media":0,"parent":0,"menu_order":0,"comment_status":"closed","ping_status":"closed","template":"","meta":{"site-sidebar-layout":"no-sidebar","site-content-layout":"","ast-site-content-layout":"full-width-container","site-content-style":"default","site-sidebar-style":"default","ast-global-header-display":"","ast-banner-title-visibility":"","ast-main-header-display":"","ast-hfb-above-header-display":"","ast-hfb-below-header-display":"","ast-hfb-mobile-header-display":"","site-post-title":"disabled","ast-breadcrumbs-content":"","ast-featured-img":"disabled","footer-sml-layout":"","ast-disable-related-posts":"","theme-transparent-header-meta":"","adv-header-id-meta":"","stick-header-meta":"","header-above-stick-meta":"","header-main-stick-meta":"","header-below-stick-meta":"","astra-migrate-meta-layouts":"default","ast-page-background-enabled":"default","ast-page-background-meta":{"desktop":{"background-color":"var(--ast-global-color-5)","background-image":"","background-repeat":"repeat","background-position":"center center","background-size":"auto","background-attachment":"scroll","background-type":"","background-media":"","overlay-type":"","overlay-color":"","overlay-opacity":"","overlay-gradient":""},"tablet":{"background-color":"","background-image":"","background-repeat":"repeat","background-position":"center center","background-size":"auto","background-attachment":"scroll","background-type":"","background-media":"","overlay-type":"","overlay-color":"","overlay-opacity":"","overlay-gradient":""},"mobile":{"background-color":"","background-image":"","background-repeat":"repeat","background-position":"center center","background-size":"auto","background-attachment":"scroll","background-type":"","background-media":"","overlay-type":"","overlay-color":"","overlay-opacity":"","overlay-gradient":""}},"ast-content-background-meta":{"desktop":{"background-color":"var(--ast-global-color-4)","background-image":"","background-repeat":"repeat","background-position":"center center","background-size":"auto","background-attachment":"scroll","background-type":"","background-media":"","overlay-type":"","overlay-color":"","overlay-opacity":"","overlay-gradient":""},"tablet":{"background-color":"var(--ast-global-color-4)","background-image":"","background-repeat":"repeat","background-position":"center center","background-size":"auto","background-attachment":"scroll","background-type":"","background-media":"","overlay-type":"","overlay-color":"","overlay-opacity":"","overlay-gradient":""},"mobile":{"background-color":"var(--ast-global-color-4)","background-image":"","background-repeat":"repeat","background-position":"center center","background-size":"auto","background-attachment":"scroll","background-type":"","background-media":"","overlay-type":"","overlay-color":"","overlay-opacity":"","overlay-gradient":""}},"footnotes":""},"class_list":["post-43","page","type-page","status-publish","hentry"],"_links":{"self":[{"href":"https:\/\/www.larosedecamille.fr\/index.php\/wp-json\/wp\/v2\/pages\/43","targetHints":{"allow":["GET"]}}],"collection":[{"href":"https:\/\/www.larosedecamille.fr\/index.php\/wp-json\/wp\/v2\/pages"}],"about":[{"href":"https:\/\/www.larosedecamille.fr\/index.php\/wp-json\/wp\/v2\/types\/page"}],"author":[{"embeddable":true,"href":"https:\/\/www.larosedecamille.fr\/index.php\/wp-json\/wp\/v2\/users\/1"}],"replies":[{"embeddable":true,"href":"https:\/\/www.larosedecamille.fr\/index.php\/wp-json\/wp\/v2\/comments?post=43"}],"version-history":[{"count":64,"href":"https:\/\/www.larosedecamille.fr\/index.php\/wp-json\/wp\/v2\/pages\/43\/revisions"}],"predecessor-version":[{"id":1188,"href":"https:\/\/www.larosedecamille.fr\/index.php\/wp-json\/wp\/v2\/pages\/43\/revisions\/1188"}],"wp:attachment":[{"href":"https:\/\/www.larosedecamille.fr\/index.php\/wp-json\/wp\/v2\/media?parent=43"}],"curies":[{"name":"wp","href":"https:\/\/api.w.org\/{rel}","templated":true}]}}