{"id":270,"date":"2025-09-27T19:33:49","date_gmt":"2025-09-27T17:33:49","guid":{"rendered":"https:\/\/www.larosedecamille.fr\/?page_id=270"},"modified":"2026-02-24T18:56:50","modified_gmt":"2026-02-24T17:56:50","slug":"accompagnement","status":"publish","type":"page","link":"https:\/\/www.larosedecamille.fr\/index.php\/prestations\/accompagnement\/","title":{"rendered":"Accompagnement"},"content":{"rendered":"\t\t<div data-elementor-type=\"wp-page\" data-elementor-id=\"270\" class=\"elementor elementor-270\" data-elementor-post-type=\"page\">\n\t\t\t\t<div class=\"elementor-element elementor-element-bec8694 e-con-full e-flex wpr-particle-no wpr-jarallax-no wpr-parallax-no wpr-sticky-section-no wpr-equal-height-no e-con e-parent\" data-id=\"bec8694\" data-element_type=\"container\" data-e-type=\"container\">\n\t\t\t\t<div class=\"elementor-element elementor-element-275015c elementor-widget elementor-widget-heading\" data-id=\"275015c\" data-element_type=\"widget\" data-e-type=\"widget\" data-widget_type=\"heading.default\">\n\t\t\t\t\t<h2 class=\"elementor-heading-title elementor-size-default\">Accompagnement<\/h2>\t\t\t\t<\/div>\n\t\t\t\t<\/div>\n\t\t<div class=\"elementor-element elementor-element-9c7b43f e-con-full e-flex wpr-particle-no wpr-jarallax-no wpr-parallax-no wpr-sticky-section-no wpr-equal-height-no e-con e-parent\" data-id=\"9c7b43f\" data-element_type=\"container\" data-e-type=\"container\">\n\t\t\t\t<div class=\"elementor-element elementor-element-6702594 elementor-widget elementor-widget-text-editor\" data-id=\"6702594\" data-element_type=\"widget\" data-e-type=\"widget\" data-widget_type=\"text-editor.default\">\n\t\t\t\t\t\t\t\t\t<p>La Rose de Camille vous propose une m\u00e9thodologie de travail bas\u00e9e sur l\u2019<strong>\u00e9coute mutuelle<\/strong> et la <strong>compr\u00e9hension des besoins<\/strong>.<\/p>\t\t\t\t\t\t\t\t<\/div>\n\t\t\t\t<\/div>\n\t\t<div class=\"elementor-element elementor-element-1620a11 e-con-full e-flex wpr-particle-no wpr-jarallax-no wpr-parallax-no wpr-sticky-section-no wpr-equal-height-no e-con e-parent\" data-id=\"1620a11\" data-element_type=\"container\" data-e-type=\"container\">\n\t\t<div class=\"elementor-element elementor-element-e521946 e-con-full e-flex wpr-particle-no wpr-jarallax-no wpr-parallax-no wpr-sticky-section-no wpr-equal-height-no e-con e-child\" data-id=\"e521946\" data-element_type=\"container\" data-e-type=\"container\">\n\t\t\t\t<div class=\"elementor-element elementor-element-d0ab1ae elementor-widget elementor-widget-heading\" data-id=\"d0ab1ae\" data-element_type=\"widget\" data-e-type=\"widget\" data-widget_type=\"heading.default\">\n\t\t\t\t\t<h2 class=\"elementor-heading-title elementor-size-default\">Le devis d'honoraires<\/h2>\t\t\t\t<\/div>\n\t\t\t\t<div class=\"elementor-element elementor-element-3790448 elementor-widget elementor-widget-text-editor\" data-id=\"3790448\" data-element_type=\"widget\" data-e-type=\"widget\" data-widget_type=\"text-editor.default\">\n\t\t\t\t\t\t\t\t\t<p class=\"Standard\">Ainsi, afin d\u2019\u00e9laborer un projet de d\u00e9coration qui vous\u00a0corresponde, et qui vous comble, nous vous proposerons une premi\u00e8re rencontre,\u00a0sans engagement et gratuite, pour faire connaissance ensemble, et avec votre\u00a0projet (possible en visio selon les contraintes g\u00e9ographiques).<\/p><p class=\"Standard\">Nous aborderons alors les aspects principaux de votre\u00a0projet, vos souhaits et id\u00e9es directrices, ainsi que votre budget.<\/p><p class=\"Standard\">Ces premiers \u00e9l\u00e9ments nous permettront de vous proposer\u00a0un devis d\u2019honoraires, qui, une fois sign\u00e9, ainsi que le contrat de service,\u00a0marquera le d\u00e9but de notre collaboration.<\/p><p class=\"Standard\">Ce devis d\u2019honoraires comprend exclusivement la\u00a0r\u00e9mun\u00e9ration du d\u00e9corateur \u00e9v\u00e8nementiel, le chiffrage d\u00e9finitif, comprenant le\u00a0prix des \u00e9l\u00e9ments de d\u00e9coration et mobiliers, n\u2019\u00e9tant arr\u00eat\u00e9 qu\u2019apr\u00e8s la phase de conception.<\/p>\t\t\t\t\t\t\t\t<\/div>\n\t\t\t\t<\/div>\n\t\t<div class=\"elementor-element elementor-element-a5db01c e-con-full e-flex wpr-particle-no wpr-jarallax-no wpr-parallax-no wpr-sticky-section-no wpr-equal-height-no e-con e-child\" data-id=\"a5db01c\" data-element_type=\"container\" data-e-type=\"container\">\n\t\t\t\t<div class=\"elementor-element elementor-element-316860c elementor-widget elementor-widget-heading\" data-id=\"316860c\" data-element_type=\"widget\" data-e-type=\"widget\" data-widget_type=\"heading.default\">\n\t\t\t\t\t<h2 class=\"elementor-heading-title elementor-size-default\">Les planches d'inspiration<\/h2>\t\t\t\t<\/div>\n\t\t\t\t<div class=\"elementor-element elementor-element-0f637d2 elementor-widget elementor-widget-text-editor\" data-id=\"0f637d2\" data-element_type=\"widget\" data-e-type=\"widget\" data-widget_type=\"text-editor.default\">\n\t\t\t\t\t\t\t\t\t<p class=\"Standard\"><span style=\"font-style: inherit; font-weight: inherit;\">Nos premiers travau<\/span><span style=\"font-style: inherit; font-weight: inherit;\">x consisteront \u00e0 vous proposer des planches d\u2019inspiration que nous aurons cr\u00e9\u00e9es selon nos premiers \u00e9changes.<\/span><\/p><p>Les planches d\u2019inspiration sont des ensembles graphiques (photos principalement), qui vous permettront de vous projeter, par zones ou espaces \u00e0 d\u00e9corer, sur le style, l\u2019ambiance et les couleurs de votre \u00e9v\u00e8nement.<\/p><p>Elles vous permettront de d\u00e9finir la d\u00e9coration sur laquelle vous souhaitez que nous poursuivions nos travaux.<\/p>\t\t\t\t\t\t\t\t<\/div>\n\t\t\t\t<div class=\"elementor-element elementor-element-5987c00 elementor-widget elementor-widget-image\" data-id=\"5987c00\" data-element_type=\"widget\" data-e-type=\"widget\" data-widget_type=\"image.default\">\n\t\t\t\t\t\t\t\t\t\t\t\t\t\t\t<img fetchpriority=\"high\" decoding=\"async\" width=\"1024\" height=\"576\" src=\"https:\/\/www.larosedecamille.fr\/wp-content\/uploads\/2025\/11\/planche-inspiration-1024x576.jpg\" class=\"attachment-large size-large wp-image-749\" alt=\"\" srcset=\"https:\/\/www.larosedecamille.fr\/wp-content\/uploads\/2025\/11\/planche-inspiration-1024x576.jpg 1024w, https:\/\/www.larosedecamille.fr\/wp-content\/uploads\/2025\/11\/planche-inspiration-300x169.jpg 300w, https:\/\/www.larosedecamille.fr\/wp-content\/uploads\/2025\/11\/planche-inspiration-768x432.jpg 768w, https:\/\/www.larosedecamille.fr\/wp-content\/uploads\/2025\/11\/planche-inspiration.jpg 1255w\" sizes=\"(max-width: 1024px) 100vw, 1024px\" \/>\t\t\t\t\t\t\t\t\t\t\t\t\t\t\t<\/div>\n\t\t\t\t<\/div>\n\t\t<div class=\"elementor-element elementor-element-05edd66 e-con-full e-flex wpr-particle-no wpr-jarallax-no wpr-parallax-no wpr-sticky-section-no wpr-equal-height-no e-con e-child\" data-id=\"05edd66\" data-element_type=\"container\" data-e-type=\"container\">\n\t\t\t\t<div class=\"elementor-element elementor-element-9f5c131 elementor-widget elementor-widget-heading\" data-id=\"9f5c131\" data-element_type=\"widget\" data-e-type=\"widget\" data-widget_type=\"heading.default\">\n\t\t\t\t\t<h2 class=\"elementor-heading-title elementor-size-default\">Le projet chiffr\u00e9<\/h2>\t\t\t\t<\/div>\n\t\t\t\t<div class=\"elementor-element elementor-element-679906d elementor-widget elementor-widget-text-editor\" data-id=\"679906d\" data-element_type=\"widget\" data-e-type=\"widget\" data-widget_type=\"text-editor.default\">\n\t\t\t\t\t\t\t\t\t<p>Une fois ces orientations arr\u00eat\u00e9es, nous pourrons commencer \u00e0 \u00e9tudier, concevoir et mettre en forme le projet de d\u00e9coration (choix des fleurs, du mobilier, de la carterie et de tout autre \u00e9l\u00e9ment de d\u00e9coration et de leur agencement), afin de vous proposer une solution personnalis\u00e9e et chiffr\u00e9e, que nous pourrons \u00e9tudier ensemble.<\/p><p>La validation du chiffrage d\u00e9finitif permettra de lancer les commandes et la conception des \u00e9l\u00e9ments de d\u00e9coration.<\/p><p>Selon le lieu de r\u00e9ception, et le type de d\u00e9coration, une visite pr\u00e9alable du site sera organis\u00e9e.<\/p>\t\t\t\t\t\t\t\t<\/div>\n\t\t\t\t<\/div>\n\t\t<div class=\"elementor-element elementor-element-03276d4 e-con-full e-flex wpr-particle-no wpr-jarallax-no wpr-parallax-no wpr-sticky-section-no wpr-equal-height-no e-con e-child\" data-id=\"03276d4\" data-element_type=\"container\" data-e-type=\"container\">\n\t\t\t\t<div class=\"elementor-element elementor-element-800da21 elementor-widget elementor-widget-heading\" data-id=\"800da21\" data-element_type=\"widget\" data-e-type=\"widget\" data-widget_type=\"heading.default\">\n\t\t\t\t\t<h2 class=\"elementor-heading-title elementor-size-default\">La mise en place<\/h2>\t\t\t\t<\/div>\n\t\t\t\t<div class=\"elementor-element elementor-element-e233263 elementor-widget elementor-widget-text-editor\" data-id=\"e233263\" data-element_type=\"widget\" data-e-type=\"widget\" data-widget_type=\"text-editor.default\">\n\t\t\t\t\t\t\t\t\t<p>La veille ou le jour J selon les contraintes des lieux, et apr\u00e8s avoir \u00e9t\u00e9 en lien \u00e9troit pendant toute la phase de fabrication, commande et r\u00e9ception de la d\u00e9coration, nous nous retrouverons pour l\u2019installation de la d\u00e9coration (gestion de la logistique, mise en place, coordination des professionnels en lien avec la d\u00e9coration), ainsi que pour l\u2019enl\u00e8vement ensuite.<\/p>\t\t\t\t\t\t\t\t<\/div>\n\t\t\t\t<div class=\"elementor-element elementor-element-82cdcca elementor-widget elementor-widget-image\" data-id=\"82cdcca\" data-element_type=\"widget\" data-e-type=\"widget\" data-widget_type=\"image.default\">\n\t\t\t\t\t\t\t\t\t\t\t\t\t\t\t<img decoding=\"async\" width=\"1024\" height=\"681\" src=\"https:\/\/www.larosedecamille.fr\/wp-content\/uploads\/2025\/11\/Mise-en-place-1024x681.jpg\" class=\"attachment-large size-large wp-image-750\" alt=\"\" srcset=\"https:\/\/www.larosedecamille.fr\/wp-content\/uploads\/2025\/11\/Mise-en-place-1024x681.jpg 1024w, https:\/\/www.larosedecamille.fr\/wp-content\/uploads\/2025\/11\/Mise-en-place-300x199.jpg 300w, https:\/\/www.larosedecamille.fr\/wp-content\/uploads\/2025\/11\/Mise-en-place-768x511.jpg 768w\" sizes=\"(max-width: 1024px) 100vw, 1024px\" \/>\t\t\t\t\t\t\t\t\t\t\t\t\t\t\t<\/div>\n\t\t\t\t<\/div>\n\t\t\t\t<\/div>\n\t\t\t\t<\/div>\n\t\t","protected":false},"excerpt":{"rendered":"<p>Accompagnement La Rose de Camille vous propose une m\u00e9thodologie de travail bas\u00e9e sur l\u2019\u00e9coute mutuelle et la compr\u00e9hension des besoins. Le devis d&rsquo;honoraires Ainsi, afin d\u2019\u00e9laborer un projet de d\u00e9coration qui vous\u00a0corresponde, et qui vous comble, nous vous proposerons une premi\u00e8re rencontre,\u00a0sans engagement et gratuite, pour faire connaissance ensemble, et avec votre\u00a0projet (possible en visio selon les contraintes g\u00e9ographiques). Nous aborderons alors les aspects principaux de votre\u00a0projet, vos souhaits et id\u00e9es directrices, ainsi que votre budget. Ces premiers \u00e9l\u00e9ments nous permettront de vous proposer\u00a0un devis d\u2019honoraires, qui, une fois sign\u00e9, ainsi que le contrat de service,\u00a0marquera le d\u00e9but de notre collaboration. Ce devis d\u2019honoraires comprend exclusivement la\u00a0r\u00e9mun\u00e9ration du d\u00e9corateur \u00e9v\u00e8nementiel, le chiffrage d\u00e9finitif, comprenant le\u00a0prix des \u00e9l\u00e9ments de d\u00e9coration et mobiliers, n\u2019\u00e9tant arr\u00eat\u00e9 qu\u2019apr\u00e8s la phase de conception. Les planches d&rsquo;inspiration Nos premiers travaux consisteront \u00e0 vous proposer des planches d\u2019inspiration que nous aurons cr\u00e9\u00e9es selon nos premiers \u00e9changes. Les planches d\u2019inspiration sont des ensembles graphiques (photos principalement), qui vous permettront de vous projeter, par zones ou espaces \u00e0 d\u00e9corer, sur le style, l\u2019ambiance et les couleurs de votre \u00e9v\u00e8nement. Elles vous permettront de d\u00e9finir la d\u00e9coration sur laquelle vous souhaitez que nous poursuivions nos travaux. Le projet chiffr\u00e9 Une fois ces orientations arr\u00eat\u00e9es, nous pourrons commencer \u00e0 \u00e9tudier, concevoir et mettre en forme le projet de d\u00e9coration (choix des fleurs, du mobilier, de la carterie et de tout autre \u00e9l\u00e9ment de d\u00e9coration et de leur agencement), afin de vous proposer une solution personnalis\u00e9e et chiffr\u00e9e, que nous pourrons \u00e9tudier ensemble. La validation du chiffrage d\u00e9finitif permettra de lancer les commandes et la conception des \u00e9l\u00e9ments de d\u00e9coration. Selon le lieu de r\u00e9ception, et le type de d\u00e9coration, une visite pr\u00e9alable du site sera organis\u00e9e. La mise en place La veille ou le jour J selon les contraintes des lieux, et apr\u00e8s avoir \u00e9t\u00e9 en lien \u00e9troit pendant toute la phase de fabrication, commande et r\u00e9ception de la d\u00e9coration, nous nous retrouverons pour l\u2019installation de la d\u00e9coration (gestion de la logistique, mise en place, coordination des professionnels en lien avec la d\u00e9coration), ainsi que pour l\u2019enl\u00e8vement ensuite.<\/p>\n","protected":false},"author":1,"featured_media":0,"parent":725,"menu_order":2,"comment_status":"closed","ping_status":"closed","template":"","meta":{"site-sidebar-layout":"no-sidebar","site-content-layout":"","ast-site-content-layout":"full-width-container","site-content-style":"default","site-sidebar-style":"default","ast-global-header-display":"","ast-banner-title-visibility":"","ast-main-header-display":"","ast-hfb-above-header-display":"","ast-hfb-below-header-display":"","ast-hfb-mobile-header-display":"","site-post-title":"disabled","ast-breadcrumbs-content":"","ast-featured-img":"disabled","footer-sml-layout":"","ast-disable-related-posts":"","theme-transparent-header-meta":"","adv-header-id-meta":"","stick-header-meta":"","header-above-stick-meta":"","header-main-stick-meta":"","header-below-stick-meta":"","astra-migrate-meta-layouts":"default","ast-page-background-enabled":"default","ast-page-background-meta":{"desktop":{"background-color":"var(--ast-global-color-5)","background-image":"","background-repeat":"repeat","background-position":"center center","background-size":"auto","background-attachment":"scroll","background-type":"","background-media":"","overlay-type":"","overlay-color":"","overlay-opacity":"","overlay-gradient":""},"tablet":{"background-color":"","background-image":"","background-repeat":"repeat","background-position":"center center","background-size":"auto","background-attachment":"scroll","background-type":"","background-media":"","overlay-type":"","overlay-color":"","overlay-opacity":"","overlay-gradient":""},"mobile":{"background-color":"","background-image":"","background-repeat":"repeat","background-position":"center center","background-size":"auto","background-attachment":"scroll","background-type":"","background-media":"","overlay-type":"","overlay-color":"","overlay-opacity":"","overlay-gradient":""}},"ast-content-background-meta":{"desktop":{"background-color":"var(--ast-global-color-4)","background-image":"","background-repeat":"repeat","background-position":"center center","background-size":"auto","background-attachment":"scroll","background-type":"","background-media":"","overlay-type":"","overlay-color":"","overlay-opacity":"","overlay-gradient":""},"tablet":{"background-color":"var(--ast-global-color-4)","background-image":"","background-repeat":"repeat","background-position":"center center","background-size":"auto","background-attachment":"scroll","background-type":"","background-media":"","overlay-type":"","overlay-color":"","overlay-opacity":"","overlay-gradient":""},"mobile":{"background-color":"var(--ast-global-color-4)","background-image":"","background-repeat":"repeat","background-position":"center center","background-size":"auto","background-attachment":"scroll","background-type":"","background-media":"","overlay-type":"","overlay-color":"","overlay-opacity":"","overlay-gradient":""}},"footnotes":""},"class_list":["post-270","page","type-page","status-publish","hentry"],"_links":{"self":[{"href":"https:\/\/www.larosedecamille.fr\/index.php\/wp-json\/wp\/v2\/pages\/270","targetHints":{"allow":["GET"]}}],"collection":[{"href":"https:\/\/www.larosedecamille.fr\/index.php\/wp-json\/wp\/v2\/pages"}],"about":[{"href":"https:\/\/www.larosedecamille.fr\/index.php\/wp-json\/wp\/v2\/types\/page"}],"author":[{"embeddable":true,"href":"https:\/\/www.larosedecamille.fr\/index.php\/wp-json\/wp\/v2\/users\/1"}],"replies":[{"embeddable":true,"href":"https:\/\/www.larosedecamille.fr\/index.php\/wp-json\/wp\/v2\/comments?post=270"}],"version-history":[{"count":64,"href":"https:\/\/www.larosedecamille.fr\/index.php\/wp-json\/wp\/v2\/pages\/270\/revisions"}],"predecessor-version":[{"id":1365,"href":"https:\/\/www.larosedecamille.fr\/index.php\/wp-json\/wp\/v2\/pages\/270\/revisions\/1365"}],"up":[{"embeddable":true,"href":"https:\/\/www.larosedecamille.fr\/index.php\/wp-json\/wp\/v2\/pages\/725"}],"wp:attachment":[{"href":"https:\/\/www.larosedecamille.fr\/index.php\/wp-json\/wp\/v2\/media?parent=270"}],"curies":[{"name":"wp","href":"https:\/\/api.w.org\/{rel}","templated":true}]}}